r of 3300 and 726.
66
Calculate the highest common factor of 69 and 23.
23
Calculate the greatest common factor of 96 and 2328.
24
What is the highest common divisor of 684 and 152?
76
Calculate the highest common factor of 280 and 2880.
40
Calculate the greatest common factor of 135 and 1215.
135
What is the highest common factor of 84 and 1624?
28
What is the greatest common factor of 280 and 6195?
35
What is the greatest common divisor of 62 and 1550?
62
What is the highest common factor of 42 and 4494?
42
What is the greatest common factor of 4 and 128?
4
Calculate the greatest common divisor of 147 and 23961.
147
What is the greatest common divisor of 230 and 1?
1
What is the highest common factor of 66 and 1034?
22
What is the greatest common factor of 10 and 58?
2
What is the highest common divisor of 9 and 261?
9
What is the highest common divisor of 62 and 1240?
62
Calculate the greatest common divisor of 2 and 127.
1
What is the highest common divisor of 84 and 966?
42
Calculate the highest common divisor of 4175 and 25.
25
What is the highest common factor of 30 and 2390?
10
What is the highest common divisor of 4 and 218?
2
What is the highest common divisor of 552 and 897?
69
Calculate the greatest common divisor of 48 and 60.
12
What is the greatest common factor of 703 and 114?
19
Calculate the greatest common divisor of 372 and 180.
12
What is the highest common divisor of 4 and 1213?
1
Calculate the greatest common factor of 215 and 80.
5
What is the highest common factor of 172 and 1892?
172
Calculate the greatest common factor of 475 and 57.
19
What is the greatest common divisor of 440 and 98120?
440
Calculate the greatest common divisor of 99 and 99.
99
What is the greatest common divisor of 1070 and 214?
214
What is the greatest common factor of 333 and 74?
37
What is the greatest common factor of 29 and 2349?
29
Calculate the highest common divisor of 600 and 960.
120
Calculate the highest common divisor of 306 and 289.
17
Calculate the greatest common factor of 88 and 22.
22
Calculate the greatest common divisor of 3 and 43.
1
What is the highest common factor of 1812 and 2?
2
What is the highest common factor of 1207 and 142?
71
Calculate the highest common divisor of 8 and 1.
1
What is the greatest common factor of 61 and 3477?
61
Calculate the greatest common factor of 11 and 385.
11
What is the highest common divisor of 14 and 35?
7
Calculate the highest common divisor of 16 and 11.
1
What is the greatest common factor of 36 and 71226?
18
Calculate the highest common divisor of 14985 and 180.
45
Calculate the greatest common factor of 52 and 42562.
26
What is the highest common factor of 1067 and 11?
11
What is the highest common factor of 174 and 957?
87
Calculate the greatest common divisor of 18939 and 107.
107
What is the greatest common factor of 120 and 330?
30
What is the highest common factor of 276 and 9039?
69
Calculate the greatest common factor of 1211 and 399.
7
Calculate the greatest common factor of 2 and 1.
1
What is the highest common divisor of 24348 and 24?
12
Calculate the greatest common factor of 315 and 140.
35
Calculate the highest common divisor of 2496 and 195.
39
Calculate the highest common divisor of 102 and 170.
34
Calculate the greatest common divisor of 15929 and 17.
17
Calculate the greatest common factor of 7 and 84.
7
What is the greatest common factor of 29 and 29?
29
What is the greatest common divisor of 3717 and 315?
63
What is the highest common divisor of 189 and 459?
27
What is the highest common factor of 1056 and 144?
48
What is the greatest common divisor of 30 and 15270?
30
What is the greatest common factor of 291 and 12?
3
What is the greatest common factor of 413 and 1475?
59
What is the greatest common factor of 210 and 11445?
105
Calculate the greatest common factor of 15 and 51.
3
Calculate the highest common factor of 324 and 60.
12
Calculate the highest common factor of 209 and 57.
19
What is the highest common factor of 300 and 36?
12
Calculate the highest common factor of 266 and 114.
38
What is the greatest common divisor of 57 and 1539?
57
What is the greatest common factor of 7758 and 54?
18
What is the greatest common factor of 36 and 20052?
36
What is the greatest common divisor of 1432 and 12?
4
What is the greatest common factor of 96 and 24432?
48
What is the highest common factor of 104 and 234?
26
What is the greatest common divisor of 1416 and 384?
24
Calculate the highest common divisor of 36 and 328.
4
What is the highest common factor of 37195 and 430?
215
Calculate the greatest common factor of 75 and 6925.
25
What is the highest common factor of 120 and 90?
30
Calculate the greatest common divisor of 21 and 357.
21
Calculate the greatest common factor of 9 and 21.
3
What is the highest common factor of 312 and 7878?
78
What is the highest common divisor of 69 and 46?
23
Calculate the greatest common factor of 3971 and 143.
11
What is the greatest common divisor of 828 and 24?
12
What is the highest common divisor of 1120 and 1760?
160
What is the greatest common factor of 306 and 510?
102
Calculate the highest common factor of 2256 and 94.
94
Calculate the highest common divisor of 4 and 16.
4
Calculate the greatest common divisor of 3303 and 1468.
367
Calculate the greatest common factor of 5688 and 252.
36
Calculate the greatest common divisor of 754 and 29.
29
Calculate the highest common factor of 27 and 441.
9
What is the greatest common factor of 8487 and 36?
9
Calculate the greatest common factor of 34 and 833.
17
What is the highest common factor of 70 and 100?
10
Calculate the greatest common divisor of 1189 and 82.
41
What is the highest common factor of 148 and 185?
37
What is the greatest common divisor of 1218 and 42?
42
What is the highest common divisor of 2376 and 88?
88
Calculate the greatest common divisor of 88 and 187.
11
What is the highest common factor of 42 and 66?
6
Calculate the greatest common factor of 82 and 13817.
41
Calculate the highest common factor of 6132 and 36.
12
Calculate the greatest common factor of 32 and 4064.
32
Calculate the greatest common factor of 21 and 192.
3
What is the greatest common factor of 648 and 8?
8
Calculate the highest common divisor of 46 and 2806.
46
Calculate the greatest common factor of 143 and 962.
13
What is the greatest common factor of 66 and 429?
33
Calculate the highest common factor of 207 and 9.
9
Calculate the greatest common divisor of 884 and 52.
52
Calculate the greatest common divisor of 346 and 6401.
173
Calculate the highest common divisor of 924 and 583.
11
Calculate the greatest common factor of 588 and 204.
12
What is the highest common factor of 238 and 364?
14
What is the highest common factor of 28 and 3092?
4
Calculate the highest common factor of 13051 and 93.
31
Calculate the greatest common divisor of 60 and 420.
60
What is the highest common factor of 35 and 49?
7
What is the greatest common factor of 27 and 4320?
27
Calculate the highest common divisor of 136 and 17.
17
Calculate the highest common divisor of 28024 and 248.
248
Calculate the highest common factor of 18752 and 64.
64
What is the greatest common divisor of 62 and 3348?
62
What is the highest common factor of 344 and 40?
8
What is the greatest common divisor of 35 and 12915?
35
What is the greatest common divisor of 970 and 20?
10
Calculate the highest common factor of 78 and 221.
13
What is the highest common factor of 68 and 1972?
68
Calculate the highest common divisor of 152 and 228.
76
Calculate the greatest common factor of 10 and 3610.
10
What is the highest common factor of 24 and 7236?
12
Calculate the greatest common factor of 66 and 154.
22
What is the highest common factor of 12 and 204?
12
Calculate the highest common divisor of 21 and 441.
21
What is the greatest common factor of 23 and 1472?
23
What is the greatest common factor of 781 and 33?
11
What is the greatest common divisor of 68 and 4981?
17
What is the highest common divisor of 40 and 640?
40
Calculate the highest common factor of 1168 and 48.
16
What is the highest common factor of 5 and 205?
5
What is the highest common divisor of 182 and 21?
7
What is the highest common factor of 79 and 1975?
79
Calculate t